{"id":184,"date":"2025-03-25T23:07:48","date_gmt":"2025-03-25T21:07:48","guid":{"rendered":"https:\/\/radiogalaxxy.fr\/?page_id=184"},"modified":"2025-03-26T00:43:02","modified_gmt":"2025-03-25T22:43:02","slug":"animateurs","status":"publish","type":"page","link":"https:\/\/www.radiogalaxxy.fr\/?page_id=184","title":{"rendered":"Animateurs"},"content":{"rendered":"\n<div class=\"wp-block-group alignfull has-background\" style=\"background-color:#f5eac1;padding-top:6vw;padding-right:6vw;padding-bottom:6vw;padding-left:6vw\"><div class=\"wp-block-group__inner-container is-layout-flow wp-block-group-is-layout-flow\">\n<div class=\"wp-block-group is-vertical is-nowrap is-layout-flex wp-container-core-group-is-layout-287ef9cb wp-block-group-is-layout-flex\" style=\"padding-right:0;padding-left:0\">\n<h6 class=\"wp-block-heading has-text-color\" id=\"ecosystem\" style=\"color:#000000;font-size:16px\"><em>Galaxxy Radio avec ses animateurs, ses voix uniques, une \u00e9locution soign\u00e9e et un humour ensoleill\u00e9 qui passent bien sur nos ondes,<br>au bon plaisir de nos auditeurs.<\/em><\/h6>\n\n\n\n<p class=\"has-text-color\" style=\"color:#000000;font-size:6vw;font-style:normal;font-weight:700;letter-spacing:0px;line-height:0.9;text-decoration:none;text-transform:none\">Anto<\/p>\n\n\n\n<div style=\"height:0px\" aria-hidden=\"true\" class=\"wp-block-spacer wp-container-content-42577013\"><\/div>\n<\/div>\n\n\n\n<div class=\"wp-block-group alignwide is-vertical is-nowrap is-layout-flex wp-container-core-group-is-layout-8171334d wp-block-group-is-layout-flex\" style=\"padding-top:0;padding-right:0;padding-bottom:0;padding-left:0\">\n<div class=\"wp-block-columns alignwide is-layout-flex wp-container-core-columns-is-layout-2656d967 wp-block-columns-is-layout-flex\">\n<div class=\"wp-block-column is-layout-flow wp-block-column-is-layout-flow\" style=\"flex-basis:33.38%\">\n<p class=\"has-text-color\" style=\"color:#000000;font-size:17px\">Passionn\u00e9 de musique depuis son plus jeune \u00e2ge, Anto a su en faire son m\u00e9tier.<\/p>\n\n\n\n<p class=\"has-text-color\" style=\"color:#000000;font-size:17px\">D\u00e9s 16 ans il s\u2019initi\u00e9 au m\u00e9tier de dj et int\u00e8gre l\u2019\u00e9quipe de CFM Radio en 1992 en tant que Animateur \/ Technicien, il d\u00e9veloppe son savoir faire et ses comp\u00e9tences.<\/p>\n\n\n\n<p class=\"has-text-color\" style=\"color:#000000;font-size:17px\">Tr\u00e8s rigoureux dans son m\u00e9tier il le compl\u00e9tera par diverses formations en Angleterre et en France entre autre a L\u2019INA (Institut National de l\u2019audiovisuel).<\/p>\n<\/div>\n\n\n\n<div class=\"wp-block-column is-layout-flow wp-block-column-is-layout-flow\" style=\"flex-basis:33%\">\n<div style=\"height:2vw\" aria-hidden=\"true\" class=\"wp-block-spacer\"><\/div>\n\n\n\n<figure class=\"wp-block-image size-full is-resized\"><img loading=\"lazy\" decoding=\"async\" width=\"384\" height=\"384\" src=\"https:\/\/radiogalaxxy.go.yj.fr\/wp-content\/uploads\/2025\/03\/image-384x384-1.jpg\" alt=\"\" class=\"wp-image-198\" style=\"width:171px;height:auto\" srcset=\"https:\/\/www.radiogalaxxy.fr\/wp-content\/uploads\/2025\/03\/image-384x384-1.jpg 384w, https:\/\/www.radiogalaxxy.fr\/wp-content\/uploads\/2025\/03\/image-384x384-1-300x300.jpg 300w, https:\/\/www.radiogalaxxy.fr\/wp-content\/uploads\/2025\/03\/image-384x384-1-150x150.jpg 150w\" sizes=\"auto, (max-width: 384px) 100vw, 384px\" \/><\/figure>\n\n\n\n<p class=\"has-text-color\" style=\"color:#000000;font-size:17px\">Aujourd\u2019hui Anto est fier de poursuivre sa passion avec Radio Galaxxy au poste de Directeur d&#8217;antenne.<\/p>\n<\/div>\n<\/div>\n\n\n\n<p class=\"has-text-color\" style=\"color:#000000;font-size:6vw;font-style:normal;font-weight:700;letter-spacing:0px;line-height:0.9;text-decoration:none;text-transform:none\">Jean-Jacques B&#8217;<\/p>\n\n\n\n<div class=\"wp-block-columns alignwide is-layout-flex wp-container-core-columns-is-layout-724a882f wp-block-columns-is-layout-flex\">\n<div class=\"wp-block-column is-layout-flow wp-block-column-is-layout-flow\" style=\"flex-basis:69%\">\n<div class=\"wp-block-group is-nowrap is-layout-flex wp-container-core-group-is-layout-ad2f72ca wp-block-group-is-layout-flex\">\n<p class=\"has-text-color\" style=\"color:#000000;font-size:17px\">Auteur, compositeur, interpr\u00e8te, acteur, pr\u00e9sentateur et producteur d&#8217;\u00e9mission TV et Radio depuis 20 ans<\/p>\n\n\n\n<p class=\"has-text-color\" style=\"color:#000000;font-size:17px\">Aujourd\u2019hui Jean-Jacques B&#8217; est fier de poursuivre sa cr\u00e9ativit\u00e9 avec Radio Galaxxy au poste de Directeur directeur artistique et animateur radio.<\/p>\n<\/div>\n<\/div>\n\n\n\n<div class=\"wp-block-column is-vertically-aligned-center is-layout-flow wp-block-column-is-layout-flow\" style=\"flex-basis:33%\">\n<figure class=\"wp-block-image size-full is-resized\"><img loading=\"lazy\" decoding=\"async\" width=\"384\" height=\"384\" src=\"https:\/\/radiogalaxxy.go.yj.fr\/wp-content\/uploads\/2025\/03\/image-384x3841-1.jpg\" alt=\"\" class=\"wp-image-211\" style=\"width:178px;height:auto\" srcset=\"https:\/\/www.radiogalaxxy.fr\/wp-content\/uploads\/2025\/03\/image-384x3841-1.jpg 384w, https:\/\/www.radiogalaxxy.fr\/wp-content\/uploads\/2025\/03\/image-384x3841-1-300x300.jpg 300w, https:\/\/www.radiogalaxxy.fr\/wp-content\/uploads\/2025\/03\/image-384x3841-1-150x150.jpg 150w\" sizes=\"auto, (max-width: 384px) 100vw, 384px\" \/><\/figure>\n\n\n\n<div style=\"height:2vw\" aria-hidden=\"true\" class=\"wp-block-spacer\"><\/div>\n<\/div>\n<\/div>\n<\/div>\n<\/div><\/div>\n\n\n\n<div class=\"wp-block-group alignfull has-background\" style=\"background-color:#f5eac1;padding-top:6vw;padding-right:6vw;padding-bottom:6vw;padding-left:6vw\"><div class=\"wp-block-group__inner-container is-layout-flow wp-block-group-is-layout-flow\">\n<div class=\"wp-block-group is-vertical is-nowrap is-layout-flex wp-container-core-group-is-layout-287ef9cb wp-block-group-is-layout-flex\" style=\"padding-right:0;padding-left:0\">\n<p class=\"has-text-color\" style=\"color:#000000;font-size:6vw;font-style:normal;font-weight:700;letter-spacing:0px;line-height:0.9;text-decoration:none;text-transform:none\">Diamond kiel<\/p>\n\n\n\n<div style=\"height:0px\" aria-hidden=\"true\" class=\"wp-block-spacer wp-container-content-42577013\"><\/div>\n<\/div>\n\n\n\n<div class=\"wp-block-group alignwide is-vertical is-nowrap is-layout-flex wp-container-core-group-is-layout-8171334d wp-block-group-is-layout-flex\" style=\"padding-top:0;padding-right:0;padding-bottom:0;padding-left:0\">\n<div class=\"wp-block-columns alignwide is-layout-flex wp-container-core-columns-is-layout-2656d967 wp-block-columns-is-layout-flex\">\n<div class=\"wp-block-column is-layout-flow wp-block-column-is-layout-flow\" style=\"flex-basis:33.38%\">\n<p class=\"has-text-color\" style=\"color:#000000;font-size:17px\">Auteur, compositeur, interpr\u00e8te et productrice depuis 15 ans.<\/p>\n\n\n\n<p class=\"has-text-color\" style=\"color:#000000;font-size:17px\">Aujourd\u2019hui Diamond kiel est fier de poursuivre sa cr\u00e9ativit\u00e9e avec Radio Galaxxy au poste d&#8217;animatrice radio.<\/p>\n<\/div>\n\n\n\n<div class=\"wp-block-column is-layout-flow wp-block-column-is-layout-flow\" style=\"flex-basis:33%\">\n<div style=\"height:2vw\" aria-hidden=\"true\" class=\"wp-block-spacer\"><\/div>\n\n\n\n<figure class=\"wp-block-image size-full is-resized\"><img loading=\"lazy\" decoding=\"async\" width=\"384\" height=\"384\" src=\"https:\/\/radiogalaxxy.go.yj.fr\/wp-content\/uploads\/2025\/03\/image-384x3842-1.jpg\" alt=\"\" class=\"wp-image-233\" style=\"width:171px;height:auto\" srcset=\"https:\/\/www.radiogalaxxy.fr\/wp-content\/uploads\/2025\/03\/image-384x3842-1.jpg 384w, https:\/\/www.radiogalaxxy.fr\/wp-content\/uploads\/2025\/03\/image-384x3842-1-300x300.jpg 300w, https:\/\/www.radiogalaxxy.fr\/wp-content\/uploads\/2025\/03\/image-384x3842-1-150x150.jpg 150w\" sizes=\"auto, (max-width: 384px) 100vw, 384px\" \/><\/figure>\n<\/div>\n<\/div>\n\n\n\n<p class=\"has-text-color\" style=\"color:#000000;font-size:6vw;font-style:normal;font-weight:700;letter-spacing:0px;line-height:0.9;text-decoration:none;text-transform:none\">KRISS<\/p>\n\n\n\n<div class=\"wp-block-columns alignwide is-layout-flex wp-container-core-columns-is-layout-724a882f wp-block-columns-is-layout-flex\">\n<div class=\"wp-block-column is-layout-flow wp-block-column-is-layout-flow\" style=\"flex-basis:69%\">\n<div class=\"wp-block-group is-nowrap is-layout-flex wp-container-core-group-is-layout-ad2f72ca wp-block-group-is-layout-flex\">\n<p class=\"has-text-color\" style=\"color:#000000;font-size:17px\">Apr\u00e8s avoir anim\u00e9 pendant de longues ann\u00e9es dans le milieu scolaire et associatif. Depuis 1997, il anime des \u00e9missions radio, notamment avec un passage en Martinique sur radio Esp\u00e9rance, comme animateur \/ technicien et en Guadeloupe dans les m\u00eames fonctions, il a finalement rejoint l&#8217;\u00e9quipe Radio Galaxxy pour de nouvelles aventures o\u00f9 il est actuellement producteur \/animateur. Aujourd&#8217;hui, Kreess est fier de poursuivre sa passion avec Radio Galaxxy au poste d&#8217;animateur \/ producteur&#8221;.<\/p>\n<\/div>\n<\/div>\n\n\n\n<div class=\"wp-block-column is-vertically-aligned-center is-layout-flow wp-block-column-is-layout-flow\" style=\"flex-basis:33%\">\n<figure class=\"wp-block-image size-full is-resized\"><img loading=\"lazy\" decoding=\"async\" width=\"384\" height=\"384\" src=\"https:\/\/radiogalaxxy.go.yj.fr\/wp-content\/uploads\/2025\/03\/image-384x3843-1.jpg\" alt=\"\" class=\"wp-image-242\" style=\"width:178px;height:auto\" srcset=\"https:\/\/www.radiogalaxxy.fr\/wp-content\/uploads\/2025\/03\/image-384x3843-1.jpg 384w, https:\/\/www.radiogalaxxy.fr\/wp-content\/uploads\/2025\/03\/image-384x3843-1-300x300.jpg 300w, https:\/\/www.radiogalaxxy.fr\/wp-content\/uploads\/2025\/03\/image-384x3843-1-150x150.jpg 150w\" sizes=\"auto, (max-width: 384px) 100vw, 384px\" \/><\/figure>\n\n\n\n<div style=\"height:2vw\" aria-hidden=\"true\" class=\"wp-block-spacer\"><\/div>\n<\/div>\n<\/div>\n<\/div>\n<\/div><\/div>\n","protected":false},"excerpt":{"rendered":"<p>Galaxxy Radio avec ses animateurs, ses voix uniques, une \u00e9locution soign\u00e9e et un humour ensoleill\u00e9 qui passent bien sur nos ondes,au bon plaisir de nos&hellip;<\/p>\n","protected":false},"author":1,"featured_media":0,"parent":0,"menu_order":0,"comment_status":"closed","ping_status":"closed","template":"","meta":{"footnotes":""},"class_list":["post-184","page","type-page","status-publish","hentry"],"_links":{"self":[{"href":"https:\/\/www.radiogalaxxy.fr\/index.php?rest_route=\/wp\/v2\/pages\/184","targetHints":{"allow":["GET"]}}],"collection":[{"href":"https:\/\/www.radiogalaxxy.fr\/index.php?rest_route=\/wp\/v2\/pages"}],"about":[{"href":"https:\/\/www.radiogalaxxy.fr\/index.php?rest_route=\/wp\/v2\/types\/page"}],"author":[{"embeddable":true,"href":"https:\/\/www.radiogalaxxy.fr\/index.php?rest_route=\/wp\/v2\/users\/1"}],"replies":[{"embeddable":true,"href":"https:\/\/www.radiogalaxxy.fr\/index.php?rest_route=%2Fwp%2Fv2%2Fcomments&post=184"}],"version-history":[{"count":44,"href":"https:\/\/www.radiogalaxxy.fr\/index.php?rest_route=\/wp\/v2\/pages\/184\/revisions"}],"predecessor-version":[{"id":250,"href":"https:\/\/www.radiogalaxxy.fr\/index.php?rest_route=\/wp\/v2\/pages\/184\/revisions\/250"}],"wp:attachment":[{"href":"https:\/\/www.radiogalaxxy.fr\/index.php?rest_route=%2Fwp%2Fv2%2Fmedia&parent=184"}],"curies":[{"name":"wp","href":"https:\/\/api.w.org\/{rel}","templated":true}]}}

<div class="wp-block-group alignfull has-background" style="background-color:#f5eac1;padding-top:6vw;padding-right:6vw;padding-bottom:6vw;padding-left:6vw"><div class="wp-block-group__inner-container is-layout-flow wp-block-group-is-layout-flow">
<div class="wp-block-group is-vertical is-nowrap is-layout-flex wp-container-core-group-is-layout-287ef9cb wp-block-group-is-layout-flex" style="padding-right:0;padding-left:0">
<h6 class="wp-block-heading has-text-color" id="ecosystem" style="color:#000000;font-size:16px"><em>Galaxxy Radio avec ses animateurs, ses voix uniques, une élocution soignée et un humour ensoleillé qui passent bien sur nos ondes,<br>au bon plaisir de nos auditeurs.</em></h6>



<p class="has-text-color" style="color:#000000;font-size:6vw;font-style:normal;font-weight:700;letter-spacing:0px;line-height:0.9;text-decoration:none;text-transform:none">Anto</p>



<div style="height:0px" aria-hidden="true" class="wp-block-spacer wp-container-content-42577013"></div>
</div>



<div class="wp-block-group alignwide is-vertical is-nowrap is-layout-flex wp-container-core-group-is-layout-8171334d wp-block-group-is-layout-flex" style="padding-top:0;padding-right:0;padding-bottom:0;padding-left:0">
<div class="wp-block-columns alignwide is-layout-flex wp-container-core-columns-is-layout-2656d967 wp-block-columns-is-layout-flex">
<div class="wp-block-column is-layout-flow wp-block-column-is-layout-flow" style="flex-basis:33.38%">
<p class="has-text-color" style="color:#000000;font-size:17px">Passionné de musique depuis son plus jeune âge, Anto a su en faire son métier.</p>



<p class="has-text-color" style="color:#000000;font-size:17px">Dés 16 ans il s’initié au métier de dj et intègre l’équipe de CFM Radio en 1992 en tant que Animateur / Technicien, il développe son savoir faire et ses compétences.</p>



<p class="has-text-color" style="color:#000000;font-size:17px">Très rigoureux dans son métier il le complétera par diverses formations en Angleterre et en France entre autre a L’INA (Institut National de l’audiovisuel).</p>
</div>



<div class="wp-block-column is-layout-flow wp-block-column-is-layout-flow" style="flex-basis:33%">
<div style="height:2vw" aria-hidden="true" class="wp-block-spacer"></div>



<figure class="wp-block-image size-full is-resized"><img loading="lazy" decoding="async" width="384" height="384" src="https://radiogalaxxy.go.yj.fr/wp-content/uploads/2025/03/image-384x384-1.jpg" alt="" class="wp-image-198" style="width:171px;height:auto" srcset="https://www.radiogalaxxy.fr/wp-content/uploads/2025/03/image-384x384-1.jpg 384w, https://www.radiogalaxxy.fr/wp-content/uploads/2025/03/image-384x384-1-300x300.jpg 300w, https://www.radiogalaxxy.fr/wp-content/uploads/2025/03/image-384x384-1-150x150.jpg 150w" sizes="auto, (max-width: 384px) 100vw, 384px" /></figure>



<p class="has-text-color" style="color:#000000;font-size:17px">Aujourd’hui Anto est fier de poursuivre sa passion avec Radio Galaxxy au poste de Directeur d&#8217;antenne.</p>
</div>
</div>



<p class="has-text-color" style="color:#000000;font-size:6vw;font-style:normal;font-weight:700;letter-spacing:0px;line-height:0.9;text-decoration:none;text-transform:none">Jean-Jacques B&#8217;</p>



<div class="wp-block-columns alignwide is-layout-flex wp-container-core-columns-is-layout-724a882f wp-block-columns-is-layout-flex">
<div class="wp-block-column is-layout-flow wp-block-column-is-layout-flow" style="flex-basis:69%">
<div class="wp-block-group is-nowrap is-layout-flex wp-container-core-group-is-layout-ad2f72ca wp-block-group-is-layout-flex">
<p class="has-text-color" style="color:#000000;font-size:17px">Auteur, compositeur, interprète, acteur, présentateur et producteur d&#8217;émission TV et Radio depuis 20 ans</p>



<p class="has-text-color" style="color:#000000;font-size:17px">Aujourd’hui Jean-Jacques B&#8217; est fier de poursuivre sa créativité avec Radio Galaxxy au poste de Directeur directeur artistique et animateur radio.</p>
</div>
</div>



<div class="wp-block-column is-vertically-aligned-center is-layout-flow wp-block-column-is-layout-flow" style="flex-basis:33%">
<figure class="wp-block-image size-full is-resized"><img loading="lazy" decoding="async" width="384" height="384" src="https://radiogalaxxy.go.yj.fr/wp-content/uploads/2025/03/image-384x3841-1.jpg" alt="" class="wp-image-211" style="width:178px;height:auto" srcset="https://www.radiogalaxxy.fr/wp-content/uploads/2025/03/image-384x3841-1.jpg 384w, https://www.radiogalaxxy.fr/wp-content/uploads/2025/03/image-384x3841-1-300x300.jpg 300w, https://www.radiogalaxxy.fr/wp-content/uploads/2025/03/image-384x3841-1-150x150.jpg 150w" sizes="auto, (max-width: 384px) 100vw, 384px" /></figure>



<div style="height:2vw" aria-hidden="true" class="wp-block-spacer"></div>
</div>
</div>
</div>
</div></div>



<div class="wp-block-group alignfull has-background" style="background-color:#f5eac1;padding-top:6vw;padding-right:6vw;padding-bottom:6vw;padding-left:6vw"><div class="wp-block-group__inner-container is-layout-flow wp-block-group-is-layout-flow">
<div class="wp-block-group is-vertical is-nowrap is-layout-flex wp-container-core-group-is-layout-287ef9cb wp-block-group-is-layout-flex" style="padding-right:0;padding-left:0">
<p class="has-text-color" style="color:#000000;font-size:6vw;font-style:normal;font-weight:700;letter-spacing:0px;line-height:0.9;text-decoration:none;text-transform:none">Diamond kiel</p>



<div style="height:0px" aria-hidden="true" class="wp-block-spacer wp-container-content-42577013"></div>
</div>



<div class="wp-block-group alignwide is-vertical is-nowrap is-layout-flex wp-container-core-group-is-layout-8171334d wp-block-group-is-layout-flex" style="padding-top:0;padding-right:0;padding-bottom:0;padding-left:0">
<div class="wp-block-columns alignwide is-layout-flex wp-container-core-columns-is-layout-2656d967 wp-block-columns-is-layout-flex">
<div class="wp-block-column is-layout-flow wp-block-column-is-layout-flow" style="flex-basis:33.38%">
<p class="has-text-color" style="color:#000000;font-size:17px">Auteur, compositeur, interprète et productrice depuis 15 ans.</p>



<p class="has-text-color" style="color:#000000;font-size:17px">Aujourd’hui Diamond kiel est fier de poursuivre sa créativitée avec Radio Galaxxy au poste d&#8217;animatrice radio.</p>
</div>



<div class="wp-block-column is-layout-flow wp-block-column-is-layout-flow" style="flex-basis:33%">
<div style="height:2vw" aria-hidden="true" class="wp-block-spacer"></div>



<figure class="wp-block-image size-full is-resized"><img loading="lazy" decoding="async" width="384" height="384" src="https://radiogalaxxy.go.yj.fr/wp-content/uploads/2025/03/image-384x3842-1.jpg" alt="" class="wp-image-233" style="width:171px;height:auto" srcset="https://www.radiogalaxxy.fr/wp-content/uploads/2025/03/image-384x3842-1.jpg 384w, https://www.radiogalaxxy.fr/wp-content/uploads/2025/03/image-384x3842-1-300x300.jpg 300w, https://www.radiogalaxxy.fr/wp-content/uploads/2025/03/image-384x3842-1-150x150.jpg 150w" sizes="auto, (max-width: 384px) 100vw, 384px" /></figure>
</div>
</div>



<p class="has-text-color" style="color:#000000;font-size:6vw;font-style:normal;font-weight:700;letter-spacing:0px;line-height:0.9;text-decoration:none;text-transform:none">KRISS</p>



<div class="wp-block-columns alignwide is-layout-flex wp-container-core-columns-is-layout-724a882f wp-block-columns-is-layout-flex">
<div class="wp-block-column is-layout-flow wp-block-column-is-layout-flow" style="flex-basis:69%">
<div class="wp-block-group is-nowrap is-layout-flex wp-container-core-group-is-layout-ad2f72ca wp-block-group-is-layout-flex">
<p class="has-text-color" style="color:#000000;font-size:17px">Après avoir animé pendant de longues années dans le milieu scolaire et associatif. Depuis 1997, il anime des émissions radio, notamment avec un passage en Martinique sur radio Espérance, comme animateur / technicien et en Guadeloupe dans les mêmes fonctions, il a finalement rejoint l&#8217;équipe Radio Galaxxy pour de nouvelles aventures où il est actuellement producteur /animateur. Aujourd&#8217;hui, Kreess est fier de poursuivre sa passion avec Radio Galaxxy au poste d&#8217;animateur / producteur&#8221;.</p>
</div>
</div>



<div class="wp-block-column is-vertically-aligned-center is-layout-flow wp-block-column-is-layout-flow" style="flex-basis:33%">
<figure class="wp-block-image size-full is-resized"><img loading="lazy" decoding="async" width="384" height="384" src="https://radiogalaxxy.go.yj.fr/wp-content/uploads/2025/03/image-384x3843-1.jpg" alt="" class="wp-image-242" style="width:178px;height:auto" srcset="https://www.radiogalaxxy.fr/wp-content/uploads/2025/03/image-384x3843-1.jpg 384w, https://www.radiogalaxxy.fr/wp-content/uploads/2025/03/image-384x3843-1-300x300.jpg 300w, https://www.radiogalaxxy.fr/wp-content/uploads/2025/03/image-384x3843-1-150x150.jpg 150w" sizes="auto, (max-width: 384px) 100vw, 384px" /></figure>



<div style="height:2vw" aria-hidden="true" class="wp-block-spacer"></div>
</div>
</div>
</div>
</div></div>

<p>Galaxxy Radio avec ses animateurs, ses voix uniques, une élocution soignée et un humour ensoleillé qui passent bien sur nos ondes,au bon plaisir de nos&hellip;</p>
